{"id":2598,"date":"2020-02-25T20:06:40","date_gmt":"2020-02-25T23:06:40","guid":{"rendered":"https:\/\/isfd804-chu.infd.edu.ar\/sitio\/?page_id=2598"},"modified":"2023-07-05T22:23:13","modified_gmt":"2023-07-06T01:23:13","slug":"oficina-de-estudiantes","status":"publish","type":"page","link":"https:\/\/isfd804-chu.infd.edu.ar\/sitio\/oficina-de-estudiantes\/","title":{"rendered":"Oficina de Estudiantes"},"content":{"rendered":"<p><img decoding=\"async\" loading=\"lazy\" class=\"size-medium wp-image-2977 alignleft\" src=\"https:\/\/isfd804-chu.infd.edu.ar\/sitio\/wp-content\/uploads\/2020\/06\/IMG_2203-400x1000.png\" alt=\"\" width=\"400\" height=\"1000\" srcset=\"https:\/\/isfd804-chu.infd.edu.ar\/sitio\/wp-content\/uploads\/2020\/06\/IMG_2203-400x1000.png 400w, https:\/\/isfd804-chu.infd.edu.ar\/sitio\/wp-content\/uploads\/2020\/06\/IMG_2203-768x1920.png 768w, https:\/\/isfd804-chu.infd.edu.ar\/sitio\/wp-content\/uploads\/2020\/06\/IMG_2203-760x1900.png 760w, https:\/\/isfd804-chu.infd.edu.ar\/sitio\/wp-content\/uploads\/2020\/06\/IMG_2203.png 800w\" sizes=\"(max-width: 400px) 100vw, 400px\" \/><\/p>\n<h4>\u00a0 \u00a0 \u00a0 \u00a0 \u00a0 \u00a0 \u00a0 \u00a0 \u00a0 \u00a0 \u00a0 \u00a0 \u00a0 \u00a0 Oferta de empleos<\/h4>\n<p><img decoding=\"async\" loading=\"lazy\" class=\"wp-image-5307 alignnone\" src=\"https:\/\/isfd804-chu.infd.edu.ar\/sitio\/wp-content\/uploads\/2023\/07\/bolsa-de-trabajo.jpg\" alt=\"\" width=\"232\" height=\"161\" \/><\/p>\n<p style=\"text-align: center;\"><img decoding=\"async\" loading=\"lazy\" class=\"alignnone wp-image-2870\" src=\"https:\/\/isfd804-chu.infd.edu.ar\/sitio\/wp-content\/uploads\/2020\/05\/Marketing-digital-y-su-importancia-para-el-desarrollo-profesional.jpg\" alt=\"\" width=\"230\" height=\"122\" srcset=\"https:\/\/isfd804-chu.infd.edu.ar\/sitio\/wp-content\/uploads\/2020\/05\/Marketing-digital-y-su-importancia-para-el-desarrollo-profesional.jpg 770w, https:\/\/isfd804-chu.infd.edu.ar\/sitio\/wp-content\/uploads\/2020\/05\/Marketing-digital-y-su-importancia-para-el-desarrollo-profesional-768x409.jpg 768w\" sizes=\"(max-width: 230px) 100vw, 230px\" \/><\/p>\n<p style=\"text-align: center;\"><strong>BEDELIA<\/strong><\/p>\n<p style=\"text-align: center;\"><a href=\"https:\/\/isfd804-chu.infd.edu.ar\/sitio\/bedelia\/\">INGRES\u00c1 AQU\u00cd<\/a><\/p>\n<p style=\"text-align: center;\"><strong>\u00a0<img decoding=\"async\" loading=\"lazy\" class=\"alignnone wp-image-2890\" src=\"https:\/\/isfd804-chu.infd.edu.ar\/sitio\/wp-content\/uploads\/2020\/05\/socialmedia-1-895x336.jpg\" alt=\"\" width=\"290\" height=\"109\" srcset=\"https:\/\/isfd804-chu.infd.edu.ar\/sitio\/wp-content\/uploads\/2020\/05\/socialmedia-1-895x336.jpg 895w, https:\/\/isfd804-chu.infd.edu.ar\/sitio\/wp-content\/uploads\/2020\/05\/socialmedia-1-895x336-768x288.jpg 768w\" sizes=\"(max-width: 290px) 100vw, 290px\" \/><\/strong><\/p>\n<p style=\"text-align: center;\"><strong>C<\/strong><strong>OORDINACI\u00d3N DE POL\u00cdTICAS ESTUDIANTILES<\/strong><\/p>\n<p style=\"text-align: center;\"><a href=\"https:\/\/isfd804-chu.infd.edu.ar\/sitio\/becas\/\">INGRES\u00c1 AQU\u00cd<\/a><\/p>\n","protected":false},"excerpt":{"rendered":"<p>\u00a0 \u00a0 \u00a0 \u00a0 \u00a0 \u00a0 \u00a0 \u00a0 \u00a0 \u00a0 \u00a0 \u00a0 \u00a0 \u00a0 Oferta de empleos BEDELIA INGRES\u00c1 AQU\u00cd \u00a0 COORDINACI\u00d3N DE POL\u00cdTICAS ESTUDIANTILES INGRES\u00c1 AQU\u00cd<\/p>\n","protected":false},"author":2581,"featured_media":0,"parent":0,"menu_order":0,"comment_status":"closed","ping_status":"closed","template":"","meta":[],"acf":[],"_links":{"self":[{"href":"https:\/\/isfd804-chu.infd.edu.ar\/sitio\/wp-json\/wp\/v2\/pages\/2598"}],"collection":[{"href":"https:\/\/isfd804-chu.infd.edu.ar\/sitio\/wp-json\/wp\/v2\/pages"}],"about":[{"href":"https:\/\/isfd804-chu.infd.edu.ar\/sitio\/wp-json\/wp\/v2\/types\/page"}],"author":[{"embeddable":true,"href":"https:\/\/isfd804-chu.infd.edu.ar\/sitio\/wp-json\/wp\/v2\/users\/2581"}],"replies":[{"embeddable":true,"href":"https:\/\/isfd804-chu.infd.edu.ar\/sitio\/wp-json\/wp\/v2\/comments?post=2598"}],"version-history":[{"count":5,"href":"https:\/\/isfd804-chu.infd.edu.ar\/sitio\/wp-json\/wp\/v2\/pages\/2598\/revisions"}],"predecessor-version":[{"id":5308,"href":"https:\/\/isfd804-chu.infd.edu.ar\/sitio\/wp-json\/wp\/v2\/pages\/2598\/revisions\/5308"}],"wp:attachment":[{"href":"https:\/\/isfd804-chu.infd.edu.ar\/sitio\/wp-json\/wp\/v2\/media?parent=2598"}],"curies":[{"name":"wp","href":"https:\/\/api.w.org\/{rel}","templated":true}]}}