{"id":1486,"date":"2018-08-30T13:25:59","date_gmt":"2018-08-30T16:25:59","guid":{"rendered":"https:\/\/isfd804-chu.infd.edu.ar\/sitio\/investigacion\/"},"modified":"2023-08-23T00:44:14","modified_gmt":"2023-08-23T03:44:14","slug":"investigacion","status":"publish","type":"page","link":"https:\/\/isfd804-chu.infd.edu.ar\/sitio\/investigacion\/","title":{"rendered":"Investigaci\u00f3n"},"content":{"rendered":"<p style=\"text-align: center;\">\n<p style=\"text-align: center;\"><a href=\"https:\/\/drive.google.com\/file\/d\/13hSjIVNnVOb4xE-qB7YnIzxAyXSu8Hzj\/view?usp=sharing\" target=\"_blank\" rel=\"noopener\" data-saferedirecturl=\"https:\/\/www.google.com\/url?q=https:\/\/drive.google.com\/file\/d\/13hSjIVNnVOb4xE-qB7YnIzxAyXSu8Hzj\/view?usp%3Dsharing&amp;source=gmail&amp;ust=1692847974921000&amp;usg=AOvVaw0mZkjxoRCyjT67RfdbQLHF\">Documento Marco para la Funci\u00f3n de Investigaci\u00f3n en la Educaci\u00f3n Superior.<\/a><\/p>\n<p style=\"text-align: center;\"><span style=\"color: #3366ff; font-family: helvetica; font-size: 14pt;\"><strong><img decoding=\"async\" loading=\"lazy\" class=\"alignnone size-full wp-image-5344\" src=\"https:\/\/isfd804-chu.infd.edu.ar\/sitio\/wp-content\/uploads\/2023\/08\/investigacion.png\" alt=\"\" width=\"188\" height=\"195\" \/><\/strong><\/span><\/p>\n","protected":false},"excerpt":{"rendered":"<p>Documento Marco para la Funci\u00f3n de Investigaci\u00f3n en la Educaci\u00f3n Superior.<\/p>\n","protected":false},"author":2752,"featured_media":0,"parent":0,"menu_order":0,"comment_status":"closed","ping_status":"closed","template":"","meta":[],"acf":[],"_links":{"self":[{"href":"https:\/\/isfd804-chu.infd.edu.ar\/sitio\/wp-json\/wp\/v2\/pages\/1486"}],"collection":[{"href":"https:\/\/isfd804-chu.infd.edu.ar\/sitio\/wp-json\/wp\/v2\/pages"}],"about":[{"href":"https:\/\/isfd804-chu.infd.edu.ar\/sitio\/wp-json\/wp\/v2\/types\/page"}],"author":[{"embeddable":true,"href":"https:\/\/isfd804-chu.infd.edu.ar\/sitio\/wp-json\/wp\/v2\/users\/2752"}],"replies":[{"embeddable":true,"href":"https:\/\/isfd804-chu.infd.edu.ar\/sitio\/wp-json\/wp\/v2\/comments?post=1486"}],"version-history":[{"count":2,"href":"https:\/\/isfd804-chu.infd.edu.ar\/sitio\/wp-json\/wp\/v2\/pages\/1486\/revisions"}],"predecessor-version":[{"id":5345,"href":"https:\/\/isfd804-chu.infd.edu.ar\/sitio\/wp-json\/wp\/v2\/pages\/1486\/revisions\/5345"}],"wp:attachment":[{"href":"https:\/\/isfd804-chu.infd.edu.ar\/sitio\/wp-json\/wp\/v2\/media?parent=1486"}],"curies":[{"name":"wp","href":"https:\/\/api.w.org\/{rel}","templated":true}]}}